-2*m + 0*m - 206 = -t*q, 0 = -4*m + 12. Is q composite?
True
Let b(z) = 1664*z - 13. Let i(m) = -555*m + 4. Let f(h) = 2*b(h) + 7*i(h). Is f(-1) a prime number?
False
Suppose -83 - 217 = -3*s. Suppose -252 = -3*w - y, 7*w = 3*w + 4*y + 336. Suppose -4*m = -w - s. Is m a composite number?
True
Let g be (20/(-16))/(2/(-8)). Suppose 3*i = v - 42 - 33, -3*i + g*v - 75 = 0. Let a = i - -114. Is a a composite number?
False
Suppose 5*k - 17 = -12. Let s = 753 - -621. Is k/2 - s/(-12) a composite number?
True
Let o = -7 - -9. Suppose 6*v = 3*v + o*w - 545, 2*v + 4*w = -342. Let j = -16 - v. Is j a prime number?
True
Let s(c) = 3*c**2 + 6*c + 7. Let h be s(-2). Suppose 0 = -h*i + 1015 + 8568. Is i a prime number?
False
Let h = 3979 + -5723. Let c = 2628 + h. Suppose c = -4*m + 8*m. Is m composite?
True
Is (5 + -16 + 9)/((-2)/6797) a composite number?
True
Suppose 3*j = -14*m + 19*m - 2992, 597 = m - 2*j. Is m a prime number?
True
Suppose 27771 = 638*k - 635*k. Is k a composite number?
False
Let a(d) = -33*d + 2. Suppose 8 = -5*u + 3*u. Is a(u) a composite number?
True
Let u = 52 - 57. Is (597/((-3)/1))/(u/5) composite?
False
Let j(x) = -x**2 - x + 2. Let v be j(2). Let a(p) = -p**3 - 10*p**2 - 7*p - 5. Let l be a(v). Let i = l - -426. Is i a composite number?
False
Suppose 6*p + 16 = 2*p. Let s = 23 + p. Is s a composite number?
False
Let z(b) = -48*b**3 + 3*b**2 - 12*b - 29. Is z(-4) a composite number?
True
Suppose -22 = -5*m - 4*c, -m - 4*c + 0*c = -14. Suppose l + 230 = 5*f + m*l, -3*f + 138 = -2*l. Is f a prime number?
False
Let k = 11 - 2. Suppose -k*i - 853 = -3832. Is i composite?
False
Let y(o) = o - 1. Let a be y(5). Suppose 3*i - 3191 = -6*v + 2*v, a*i - 5*v = 4296. Is i prime?
True
Let w = -27 + 106. Is (28/12)/(w/39 - 2) a prime number?
False
Suppose -6*x + 8*x - 6 = 0, 2*z + 2*x = 140. Is z prime?
True
Is -1 - (-8 + 3 + -2118) prime?
False
Suppose -2*v + 14 = -3*i, -6*i + 4*v = -4*i - 4. Is 662*(-2 + -2)/i prime?
True
Is 167/(0 - (-1)/59) a prime number?
False
Suppose 4*c - 374 + 82 = 0. Suppose -49*x + 52*x = -42. Let z = x + c. Is z a composite number?
False
Let a = 7815 - 149. Is a composite?
True
Let y be (-7 - -1)/(-4 - -2). Suppose -y*h + 1397 = x, 1397 = x - 2*h + h. Is x composite?
True
Let d = -15 - -18. Suppose 6*t - 12 = d*t. Suppose -t*i - 92 + 424 = 0. Is i a composite number?
False
Let r = 1254 + 552. Suppose 1087 + r = 11*j. Is j a prime number?
True
Suppose 4*k + 3804 = 516. Let f be k/18 - (-2)/3. Is (f/15)/(6/(-134)) a prime number?
True
Let b(c) = -5 + 4*c**2 - 4*c**3 - 4 + 2 - 2*c. Is b(-3) prime?
False
Let r be ((-5)/1 - -4) + -3. Is 215 - (0 - r/(-2)) composite?
True
Suppose -2*s - 3 = -3. Is s + 0 + (176 - -9) a prime number?
False
Let h = 761 - 211. Let z = -301 + h. Is z prime?
False
Let f = 1117 + 3444. Is f prime?
True
Suppose 0 = 21*r - 19*r - 6. Suppose 4*d - 2*d = 2*x - 752, -r*x = 2*d - 1153. Is x a prime number?
False
Suppose 0 = -3*m + 2*f + 2009, -5*f + 7*f + 2676 = 4*m. Is m composite?
True
Suppose 3*u = v - 2174, -5*u = 3*v - 0*v - 6592. Is v composite?
True
Let u(v) = -v + 28. Let t be 12 + (-10)/25*-5. Is u(t) composite?
True
Let r(z) = -z**3 - 34*z**2 - 47*z + 31. Is r(-33) composite?
True
Let v = -6 + 10. Suppose v*o - 2*g = 652, -3*o - 490 = -6*o + 2*g. Suppose 4*f - o = 154. Is f a composite number?
False
Let k(s) = -456*s**3 + 9*s**2 - 9*s - 21. Is k(-4) a prime number?
False
Suppose -4*i - 3 = 33. Let v(u) = -660 + 12*u - 34*u + 649. Is v(i) a prime number?
False
Suppose 0*l = -l + 4. Suppose -l*t + 19 = 4*g - 21, 3*t - 20 = -g. Suppose g*f - o - 1857 = 0, -4*f - 5*o + 1474 = -0*o. Is f prime?
False
Let c be (2/3)/(2/(-36)). Let q be (-11 - c)*(0 + 0). Suppose q = -4*t + 165 + 167. Is t composite?
False
Suppose 2*b = 9*b - 20279. Is b a composite number?
False
Suppose 0 = -0*t + 3*t + 6. Is (-31)/(-1)*t*58/(-4) composite?
True
Let z = -64920 - -93383. Is z a prime number?
True
Is (-2)/20 - 242684/(-40) composite?
False
Suppose -4*h - 1 = -13. Let d = 2 - 0. Is ((-3)/d)/(h/(-70)) prime?
False
Let m(y) = y**2 - 1 - 19 - 3*y + 8. Let i be m(-7). Suppose -i = -b + 60. Is b composite?
True
Let b(f) = 4375*f**2 - 54*f - 6. Is b(-3) prime?
False
Let h(u) = 2*u + 6. Let v be h(-3). Suppose v = 15*s - 11*s. Suppose -1025 = -2*w + 3*i, s*w - 3*i + 2510 = 5*w. Is w composite?
True
Let c(s) = -s**2 - 9*s - 7. Let y(t) = t**2 + 7*t + 4. Let d be y(-4). Let m be c(d). Is (-98)/(m/(-2)*4) composite?
True
Let j(t) = -8*t - 1. Let q(m) = m + 10. Let a(d) = -4*d - 29. Let w(b) = -2*a(b) - 7*q(b). Let o be w(-4). Is j(o) a composite number?
False
Let p be 30/18 - (-3)/9. Let i(q) = 4*q - q**2 + 0*q**2 + 5 + p*q**3 + 6*q**2. Is i(6) a prime number?
True
Let f(q) = 19*q**2 - 7*q - 7. Let h be f(-5). Suppose -h = -m + 25. Let y = m - 275. Is y composite?
True
Suppose 3*t = -4*s + 5497, 5*t = 3*t + 6. Let y = -429 + 1048. Let f = s - y. Is f a composite number?
True
Let z(j) = -9*j + 32. Let s be z(3). Suppose -4*l = 5*k + 1440 - 4305, -2*l + 2865 = s*k. Is k a composite number?
True
Is (-84)/105 - (0 + (-4857)/15) a prime number?
False
Let j(i) = -117*i - 20. Let b be j(-6). Let m = 1102 - b. Let p = m + -263. Is p a composite number?
False
Is -2153*154/21*(-15)/10 a composite number?
True
Let f = 15 + 73. Let q be -63*(-2 + f/12). Let t = 601 + q. Is t composite?
True
Let c = 6172 - 3969. Is c prime?
True
Is ((-14)/(-21))/(4/17994) composite?
False
Suppose 32 = 4*k + 12. Suppose -2*y + 183 = 5*q, -k*y + 6*y = -3*q + 109. Is q a prime number?
False
Suppose -106*f + 297424 = -90*f. Is f a composite number?
True
Let t(o) = 24*o**2 + 25*o + 9. Is t(-10) prime?
False
Suppose 3*h - 28 = 5*q + 69, -q = -5*h + 169. Suppose -3579 = h*p - 37*p. Is p a prime number?
True
Let i(t) = 8*t**2 - 45*t + 71. Is i(-56) a composite number?
True
Let r(v) = -31*v**3 - v**2 - 5*v + 2. Let t be r(-5). Suppose 3*w + t = 2*s, -2*s + 5810 = s + w. Is s prime?
False
Let r = -125 + 79. Let o be (-3 + 6)/((-3)/r). Suppose o = -5*t + 311. Is t composite?
False
Suppose 2*w - 3354 = -2*t, -3*t - w = -5*w - 5066. Suppose -2*g - h + 2429 = 0, -g - 5*h + t = 454. Is g composite?
False
Let r(z) = z**2 - 2*z + 3. Let y be r(2). Let u = y - -8. Let f = 58 - u. Is f a composite number?
False
Suppose -3*f - 277 = -5*x, -6*x + 2*x - f = -208. Is x a composite number?
False
Suppose 16*q + 9 = 7*q. Let r(o) = -1 + 3*o**2 - 12*o**3 - 13*o**3 - 2*o**2. Is r(q) composite?
True
Let z(h) = 3*h**2 - 3*h - 33. Is z(27) a prime number?
False
Let z(q) = q**3 - 14*q**2 + 9*q + 32. Suppose -7*b + 154 = 4*b. Is z(b) a prime number?
False
Suppose -5*w + 3*n = -26, -2*w + 2*n = 1 - 13. Let l = -96 + 169. Suppose -l = -w*z + 79. Is z composite?
True
Let u(c) = 187 - 262*c + 99*c - 186. Is u(-6) a prime number?
False
Let w be 1*(-3 + 0)*7. Let k = -16 - w. Suppose 0*z = k*g + 2*z - 331, 5*g - 339 = 2*z. Is g a composite number?
False
Let p be (160/35)/8 - 913/(-7). Suppose 5*l - 16 = -3*w + 92, -l - w + 20 = 0. Suppose -5*s + p = -l. Is s a prime number?
True
Let p(q) be the second derivative of q**4/24 + 7*q**3/2 + 3*q**2/2 + q. Let g(l) be the first derivative of p(l). Is g(0) a prime number?
False
Let t = -15 + 18. Suppose 335 = t*h - 22. Is h a prime number?
False
Is ((-3102338)/183)/(4/(-6)) composite?
True
Suppose 3*r - 4 = 8. Let b(z) = -z**3 + 5*z**2 + 6*z - 3. Let g(h) = 2*h**3 - 15*h**2 - 19*h + 10. Let o(x) = -7*b(x) - 2*g(x). Is o(r) a prime number?
True
Let q = -697 - -404. Let o = q + 1504. Is o composite?
True
Let n(u) = 336*u**2 + 19*u - 15. Is n(7) composite?
True
Let h(j) = 18*j**2 - 8*j - 7. Let r(c) = -1. Let g(k) = h(k) - 4*r(k). Is g(5) a composite number?
True
Let h = 9063 + -6160. Is h/5 - (3/5 + -1) prime?
False
Let d be (-23 + (-2 - -5))/(-2). Let b = d - 12. Is (927/18)/(b/(-4)) composite?
False
Let i(n) = 31*n**2 - 4*n + 8. Let o be i(5). Suppose -4*b + o = -b - y, -y = 1. Is b a composite number?
True
Let n(b) = -392*b**3 - b**2 + b + 391*b**3 + 6*b**2 + 6. Let i(a) = -a**2 - 2*a + 3. Let d be i(2). Is n(d) a composite number?
False
Suppose -5*a + 4*o = -5809, -2*a - o + 2334 = -0*o. Suppose 4*b + 68 = h + 1012, -5*b = -5*h - a. Is b prime?
False
Suppose 45 = 3*x + 4*j + 14, 3*x = -3*j + 27. Suppose 4*m + x*m = 198. Is m a prime number?
Fals